= 30 + -10. What is the remainder when 57 is divided by n?
17
Let c = 112 + -52. Calculate the remainder when 1068/10 - (-12)/c is divided by 27.
26
Calculate the remainder when 2*2*-82*3/(-24) is divided by 28*(-1)/((-4)/3).
20
Suppose 0*u + 4*u = -8. What is the remainder when 3 - 3 - 5/(-1) is divided by (3/u)/(9/(-12))?
1
Calculate the remainder when (-1 - 97)/(-4 + 3) is divided by 50.
48
Let i = 7 + -2. Suppose -3*n + i*n = 40. Calculate the remainder when (-10 - (-8 - -1))*114/(-9) is divided by n.
18
Calculate the remainder when 31 is divided by (-25 + -2)*(-4)/6.
13
What is the remainder when (130/25 + 2)/((-4)/(-30)) is divided by 19?
16
Let a(i) = -i + i**3 - 6 + 3*i**2 + 2*i**2 + 1. Let c(y) = -6*y + 8. What is the remainder when c(-6) is divided by a(-4)?
14
Let k(b) = 8*b**3 + 2*b**2 - 4*b + 4. Calculate the remainder when k(2) is divided by 12.
8
Suppose 3*m + 55 = 5*y, -2*y + 7 + 16 = -m. What is the remainder when y is divided by 5?
4
Let h(w) = w**3 + 6*w**2 - 7*w - 6. Let f be h(-6). Suppose 0 = -3*g + 4*o + f, 4*g + 2*o = g + 18. What is the remainder when g is divided by 5?
3
Let v be (-4)/(-6)*(-75)/(-10). Let n = 8 - v. Calculate the remainder when -9*(2/n + -1) is divided by 2.
1
Let p(c) = -c**2 - 7*c. Let f be p(-6). Calculate the remainder when ((-3)/f)/(1/(-30)) is divided by 9.
6
Let k = 4 - -3. Suppose z - 8 = -3*z. Suppose -2*y + 46 = 4*n, 5*n - 20 - 28 = -z*y. What is the remainder when y is divided by k?
5
Suppose -2*c - 2*c = 296. Let y = c + 135. What is the remainder when y is divided by 21?
19
Let z = -45 + 72. Suppose -3*t - 22 = -2*y, -y + 5*t + 4 = -0*y. Calculate the remainder when z is divided by y.
13
Let b(f) = f**3 + 3*f**2 + 4*f. Let g be b(-3). Calculate the remainder when 33 is divided by 4/g + (-56)/(-6).
6
Suppose -3*j + 13 = -q + 2*j, 5*q + 5*j = 25. Let i = -8 - -18. What is the remainder when (0 + 0)/q + 19 is divided by i?
9
Let t(g) = -5*g - 10. What is the remainder when 33 is divided by t(-3)?
3
Let t(r) = -4*r - 5. Let m be (-5)/(-3)*(1 + -4). Calculate the remainder when t(m) is divided by 8.
7
Let y be (-1 - -21) + 1 + 0. Suppose -3*g = -g - 8. Suppose -g*f = -2*q + 20, q - y = -2*q - 3*f. Calculate the remainder when q is divided by 3.
2
Let q be (3 + -2 + -1)*-1. Suppose -3*n = -q*n + 6. What is the remainder when 2 is divided by n + 1 + (-4)/(-2)?
0
Suppose -2*z = -23 + 17. Suppose 0 = z*n + 2*w - 38, 3*w - 5 = -2. Calculate the remainder when 46 is divided by n.
10
Let a(r) = r + 8. Suppose 0 = -4*p + 5*m + 28, -p + 5*m - 21 = -4*p. Calculate the remainder when 43 is divided by a(p).
13
Suppose 0 = 3*n + 3*p - 123, 2*p + 1 + 3 = 0. What is the remainder when n is divided by 15?
13
Let v(j) = -j**3 + 5*j**2 + 9*j + 1. What is the remainder when v(6) is divided by 7?
5
Let c = -34 + 47. Calculate the remainder when c is divided by 4.
1
Let f(a) = -a + 3. What is the remainder when 45 is divided by f(-9)?
9
Suppose 8 = -5*j + 33. Let f(d) = 8*d - d**2 + j - 3 + 6. Calculate the remainder when 43 is divided by f(7).
13
Let c = -12 - -34. Let v = c - 6. What is the remainder when 31 is divided by v?
15
Let t = -92 - -176. Suppose t = 4*v - 4*u, 3*v + 5*u = 3*u + 68. Let g = -11 + v. What is the remainder when 32 is divided by g?
10
Let p = 5 + 8. What is the remainder when p is divided by 8?
5
Let c(h) = h**2 + 6*h + 7. Suppose 0 = -26*p + 21*p + 275. Calculate the remainder when p is divided by c(-7).
13
Suppose 13 + 12 = 5*g. Suppose -2*o = -2*j + 122, -4*j + g*o + 137 = -112. What is the remainder when j is divided by 19?
18
Suppose 2*q + 5*c - 92 = 0, -4*q + 4*c - 3*c = -162. Calculate the remainder when 121 is divided by q.
39
Let m = -15 + 26. What is the remainder when 20 is divided by m?
9
Let f = 64 + -41. Calculate the remainder when 91 is divided by f.
22
Let b(v) = -v**2 + 9*v - 3. Suppose -5*t = -x - 36, -20 = -3*t - x + 8. Calculate the remainder when b(t) is divided by 3.
2
Suppose 0 = -5*t - 2*m + 41 + 59, -t = -5*m + 7. Let o(g) = -16*g + 2. Calculate the remainder when o(-2) is divided by t.
16
Let d(b) = -b**2 - 11*b - 1. Suppose -4*f + 75 + 33 = 0. Suppose 0*r + f = -3*r. What is the remainder when d(r) is divided by 6?
5
Suppose 6 = 3*x - 9, -4*k + 3*x + 217 = 0. What is the remainder when k is divided by 20?
18
Let f = 82 + -21. Calculate the remainder when f is divided by 16.
13
Let o = 238 - 165. What is the remainder when o is divided by 19?
16
Let g(a) = a - 3. Let c be g(2). Let p be (-4)/2 - 28*c. Suppose 2*v - p = -0*v. Calculate the remainder when 25 is divided by v.
12
Let j(r) = 3*r - 13. Let m(l) = l**2 + l + 31. Calculate the remainder when m(0) is divided by j(7).
7
Let j(w) = 13*w - 57. What is the remainder when j(8) is divided by 8?
7
Let w be 844/10 + (-2)/5. Suppose -4*f + f = -w. What is the remainder when f is divided by 10?
8
Let b(j) = 8*j + 3. Let y be b(9). Suppose -h = -6*h + y. What is the remainder when 44 is divided by h?
14
Let g = 7 + -6. Let c be 3*3*g/3. Calculate the remainder when 19 is divided by c/9 - 20/(-3).
5
Let y(i) = -i**3 + 5*i**2 + 7*i - 2. Let x be y(6). Calculate the remainder when (31/2)/(2/x) is divided by 11.
9
Suppose n + 2 = -3*m - 5, 5*n - 2*m + 1 = 0. Calculate the remainder when 20 + n*(1 + 1) is divided by 19/2 + (-2)/(-4).
8
Suppose -3*i - 11 = 7. Calculate the remainder when 6/9 + (-152)/i is divided by ((-2)/3)/((-1)/21).
12
Let g(f) = 4*f + 2. Let t be g(-3). Let l = -7 - t. What is the remainder when l is divided by 2?
1
Suppose 2*x + 26 = 3*x. Suppose l + 2*b - 92 = -3*l, l - x = -2*b. Suppose 5*w - 8 = l. Calculate the remainder when w is divided by 4.
2
Let b = 114 - 65. Let z = 9 + 8. What is the remainder when b is divided by z?
15
Calculate the remainder when 30 is divided by 793/52 + 3/4.
14
Suppose 0 = 5*s - 10, -4*s = 2*m - 9*s - 564. Suppose 68 = 5*t - m. What is the remainder when t is divided by 18?
17
Let b(l) = -3*l + 5. Calculate the remainder when b(-17) is divided by 20.
16
Let t(s) be the second derivative of s + 0 + 1/20*s**5 + 1/6*s**3 + 1/2*s**2 - 1/6*s**4. Calculate the remainder when 8 is divided by t(2).
2
Let p(m) = 3*m - 9. Let w(b) = -b + 5. Let c(q) = -3*p(q) - 5*w(q). Suppose 19 = -0*o + o. Calculate the remainder when o is divided by c(-2).
9
Suppose -q - 3 + 13 = 0. What is the remainder when 27 is divided by q?
7
Let l = -87 + 110. Calculate the remainder when l is divided by 7.
2
Let l = 21 + -14. Let j be 1 + 2 + (l - 6). Suppose 2*g = j*g - 26. Calculate the remainder when 37 is divided by g.
11
Suppose 25 = 2*w - 4*v - 7, -3*w - v = -34. What is the remainder when 33 is divided by w?
9
Suppose -3*m - 2*m = j - 13, 0 = 3*j - 5*m - 39. Calculate the remainder when 37 is divided by j.
11
Suppose -3 = -4*v + 1. Suppose 3*y - v = 17. Calculate the remainder when -2*((-435)/y)/5 is divided by 10.
9
Let f(n) = -n**2 + 11*n - 10. Let s be f(9). Suppose 3*d - s = -d. What is the remainder when 11 is divided by d?
1
Let a(p) = -p**3 + 10*p**2 + 12*p + 12. What is the remainder when 45 is divided by a(11)?
22
Let y = 10 - 39. Let r be y + -4 + (0 - 1). Let l = -19 - r. What is the remainder when 43 is divided by l?
13
Let w be (-1 - -1) + (2 - -1). Let u = 17 - -12. Calculate the remainder when u is divided by ((-10)/w)/((-2)/6).
9
Let p = 7 - 3. Calculate the remainder when 17 is divided by p.
1
Suppose -f = 4*w + 17, -3 = 4*f + 17. Let m(y) be the third derivative of -y**4/4 - y**3/3 + 19*y**2. Calculate the remainder when 47 is divided by m(w).
15
Suppose 55 = -3*o + g, -5*g + 73 - 14 = -3*o. Let z = -10 - o. Calculate the remainder when z is divided by 5.
3
Let r be ((-1)/2)/(8/16). What is the remainder when r/(-5) + (-264)/(-5) is divided by 27?
26
Let m = -13 - -18. Suppose 32 - 7 = -m*q. What is the remainder when (-52)/q + 4/(-10) is divided by 4?
2
Let i(v) = -14 + 2*v + 14. What is the remainder when 14 is divided by i(4)?
6
Let d = -57 - -80. What is the remainder when d is divided by 10?
3
Let c(z) = 6*z. Let r(o) = -o**2 - 7*o + 1. Let n be r(-7). Let q be c(n). Let v(p) = 4*p - 9. Calculate the remainder when 43 is divided by v(q).
13
Let l = 35 + -10. Calculate the remainder when l is divided by 8.
1
What is the remainder when 13 + (-2 - (-2)/2) is divided by 